{"id":80,"date":"2020-04-15T20:10:24","date_gmt":"2020-04-15T18:10:24","guid":{"rendered":"https:\/\/hirsch-filmideen.de\/?page_id=80"},"modified":"2024-10-25T15:38:17","modified_gmt":"2024-10-25T13:38:17","slug":"angebot","status":"publish","type":"page","link":"https:\/\/hirsch-filmideen.de\/index.php\/angebot\/","title":{"rendered":"Angebot"},"content":{"rendered":"\n<p><strong>Hier findest du mein Angebot zu div. Film- u. Medien-Dienstleistungen<\/strong><\/p>\n\n\n\n<ul class=\"wp-block-list\">\n<li>Imagefilm<\/li>\n\n\n\n<li>Social-Media-Content<\/li>\n\n\n\n<li>Videokurse<\/li>\n\n\n\n<li>Sportvideo<\/li>\n\n\n\n<li>Making-of<\/li>\n\n\n\n<li>Musikvideo<\/li>\n\n\n\n<li>Carporn<\/li>\n\n\n\n<li>Filmschnitt f\u00fcr YouTuber<\/li>\n\n\n\n<li>Hilfe am Film- und Fotoset als Freelancer<\/li>\n\n\n\n<li>Fotoshootings<\/li>\n<\/ul>\n\n\n\n<p>Darin enthalten sind: <\/p>\n\n\n\n<ul class=\"wp-block-list\">\n<li>Vorgespr\u00e4ch zum pers\u00f6nlichen kennenlernen<\/li>\n\n\n\n<li>Erstellen eines geeigneten Konzeptes<\/li>\n\n\n\n<li>Planung und Vorbereitungen zum Dreh<\/li>\n\n\n\n<li>Filmaufnahmen und Fotoshooting<\/li>\n\n\n\n<li>Beschaffung von kommerziell nutzbarer Musik<\/li>\n\n\n\n<li>Videoschnitt und Nachbearbeitung<\/li>\n\n\n\n<li>Film\u00fcbergabe an den Kunden (via Cloud oder pers\u00f6nlich)<\/li>\n<\/ul>\n\n\n\n<p><strong>Es gibt auch Projekte die ich generell ablehne<\/strong> wie z.B.<\/p>\n\n\n\n<ul class=\"wp-block-list\">\n<li>erotische oder pornografische Filmarbeiten<\/li>\n\n\n\n<li>Bearbeitung von Rohmaterial wo keine Verwendungsrechte vorliegen<\/li>\n\n\n\n<li>Filmarbeiten die gegen ethische und moralische  Werte versto\u00dfen<\/li>\n\n\n\n<li>Fremdenfeindliche und gewaltverherrlichende  Propaganda<\/li>\n<\/ul>\n\n\n\n<p><\/p>\n\n\n\n<p><strong>Mein Angebot erstelle ich individuell auf<\/strong> <strong>dein Projekt <\/strong>und dem vorraussichtlichen Aufwand. <\/p>\n\n\n\n<p>So erh\u00e4lst du im Vorfeld schon die volle Kosten\u00fcbersicht um dein Budget zu planen.<\/p>\n\n\n\n<p><em>Beispiel: <\/em>Ein Carporn (fetziges Autovideo) erfordert sehr viel Zeit f\u00fcr den Schnitt auf die Musik und den Einsatz von Effekte. Dagegen ist ein Videoblog von 10 Minuten L\u00e4nge recht schnell umgesetzt.<\/p>\n\n\n\n<p><\/p>\n\n\n\n<p><strong>Naturlich kann ich dir auch eine Rechnung zum tats\u00e4chlichen Zeitaufwand erstellen zu den folgenden Stundens\u00e4tzen:<\/strong><\/p>\n\n\n\n<ul class=\"wp-block-list\">\n<li>Filmaufnahmen vor Ort  -&gt; <em>50 \u20ac\/h<\/em><\/li>\n\n\n\n<li>Videoschnitt                        -&gt; <em>50 \u20ac\/h<\/em><\/li>\n\n\n\n<li>Hilfe\/Support am Set      -&gt;<em> 50 \u20ac\/h<\/em><\/li>\n\n\n\n<li>Planung\/Organisation    -&gt; 50 \u20ac\/h<\/li>\n\n\n\n<li>Social-Media-Beratung -&gt; 50\u20ac\/h<\/li>\n\n\n\n<li>Fotoshooting*** -&gt; ab 75 \u20ac\/h<\/li>\n\n\n\n<li>***<em>inkl. 5-15 angepasste Bilder, digital via Cloud oder USB<\/em><\/li>\n<\/ul>\n\n\n\n<p><strong>Rabatte und Sonderaktionen<\/strong> (nur g\u00fcltig bei Rechnung nach Aufwand)<\/p>\n\n\n\n<ul class=\"wp-block-list\">\n<li>Die Anfahrt ist bei nur einem Drehtag bis 30km inklusive<\/li>\n<\/ul>\n\n\n\n<p>Als regionaler Partner in den Bereichen Foto, Video und Social Media, unterst\u00fctze ich Vereine, K\u00fcnstler und mittelst\u00e4ndische Unternehmen.<\/p>\n\n\n\n<p><\/p>\n","protected":false},"excerpt":{"rendered":"<p>Hier findest du mein Angebot zu div. Film- u. Medien-Dienstleistungen Darin enthalten sind: Es gibt auch Projekte die ich generell ablehne wie z.B. Mein Angebot erstelle ich individuell auf dein Projekt und dem vorraussichtlichen Aufwand. So erh\u00e4lst du im Vorfeld schon die volle Kosten\u00fcbersicht um dein Budget zu planen. Beispiel: Ein Carporn (fetziges Autovideo) erfordert &hellip; <\/p>\n<p class=\"link-more\"><a href=\"https:\/\/hirsch-filmideen.de\/index.php\/angebot\/\" class=\"more-link\"><span class=\"screen-reader-text\">\u201eAngebot\u201c<\/span> weiterlesen<\/a><\/p>\n","protected":false},"author":1,"featured_media":366,"parent":0,"menu_order":0,"comment_status":"closed","ping_status":"closed","template":"","meta":{"footnotes":""},"class_list":["post-80","page","type-page","status-publish","has-post-thumbnail","hentry"],"_links":{"self":[{"href":"https:\/\/hirsch-filmideen.de\/index.php\/wp-json\/wp\/v2\/pages\/80","targetHints":{"allow":["GET"]}}],"collection":[{"href":"https:\/\/hirsch-filmideen.de\/index.php\/wp-json\/wp\/v2\/pages"}],"about":[{"href":"https:\/\/hirsch-filmideen.de\/index.php\/wp-json\/wp\/v2\/types\/page"}],"author":[{"embeddable":true,"href":"https:\/\/hirsch-filmideen.de\/index.php\/wp-json\/wp\/v2\/users\/1"}],"replies":[{"embeddable":true,"href":"https:\/\/hirsch-filmideen.de\/index.php\/wp-json\/wp\/v2\/comments?post=80"}],"version-history":[{"count":22,"href":"https:\/\/hirsch-filmideen.de\/index.php\/wp-json\/wp\/v2\/pages\/80\/revisions"}],"predecessor-version":[{"id":380,"href":"https:\/\/hirsch-filmideen.de\/index.php\/wp-json\/wp\/v2\/pages\/80\/revisions\/380"}],"wp:featuredmedia":[{"embeddable":true,"href":"https:\/\/hirsch-filmideen.de\/index.php\/wp-json\/wp\/v2\/media\/366"}],"wp:attachment":[{"href":"https:\/\/hirsch-filmideen.de\/index.php\/wp-json\/wp\/v2\/media?parent=80"}],"curies":[{"name":"wp","href":"https:\/\/api.w.org\/{rel}","templated":true}]}}