{"id":21,"date":"2020-04-15T19:42:53","date_gmt":"2020-04-15T17:42:53","guid":{"rendered":"https:\/\/hirsch-filmideen.de\/?page_id=21"},"modified":"2024-05-03T20:47:01","modified_gmt":"2024-05-03T18:47:01","slug":"startseite","status":"publish","type":"page","link":"https:\/\/hirsch-filmideen.de\/","title":{"rendered":"Startseite"},"content":{"rendered":"\n<p><strong>Willkommen auf meiner Website! <\/strong><\/p>\n\n\n\n<ul class=\"wp-block-list\">\n<li>Du m\u00f6chtest ein Imagefilm erstellen und wei\u00dft nicht wie es geht ?<\/li>\n\n\n\n<li>Du m\u00f6chtest professionelle Social-Media-Beitr\u00e4ge erstellen ?<\/li>\n\n\n\n<li>Du m\u00f6chtest nat\u00fcrliche Fotos von dir, deinem Hobby oder beim Sport  ?<\/li>\n\n\n\n<li>Du bist selbst Fotograf oder Filmemacher und brauchst Hilfe am Set ?<\/li>\n<\/ul>\n\n\n\n<p><strong>Dann bist du bei mir genau richtig, ich helfe dir gerne ! <\/strong><br><\/p>\n\n\n\n<p><strong>Das kann ich dir bieten<\/strong> :<\/p>\n\n\n\n<ul class=\"wp-block-list\">\n<li>Filmaufnahmen mit einer hochwertigen Kamera in Full HD und sogar 4k ( 25 fps)<\/li>\n\n\n\n<li>Sportaufnahmen in klarem Full HD mit 100 Bilder\/sek f\u00fcr coole Zeitlupeneffekte<\/li>\n\n\n\n<li>Beschaffung von GEMA- und Lizenzfreier Musik<\/li>\n\n\n\n<li>Filmschnitt zur Musik oder Audioaufnahmen<\/li>\n\n\n\n<li>Social-Media Analyse, Contentplanung und Contenterstellung<\/li>\n\n\n\n<li>Unterst\u00fctzung am Film- u. Fotoset als Freelancer<\/li>\n\n\n\n<li>Fotoshootings in den Bereichen -> Freizeit, Sport und Hunde <\/li>\n<\/ul>\n\n\n\n<p><strong>Au\u00dferdem sind auch individuelle L\u00f6sungen auf Anfrage m\u00f6glich !<\/strong><\/p>\n\n\n\n<p>Zu meinen Referenzen geh\u00f6ren Imagefilme, Sportkurzfilme, Musikvideos, Social-Media f\u00fcr ein mittelst\u00e4ndisches Unternehmen und sogar ein Online-Gottesdienst.<\/p>\n\n\n\n<p>Wenn du Interesse hast ein Video zu drehen, Hilfe bei einem eigenen Projekt brauchst oder einfach mehr erfahren m\u00f6chtest dann <a href=\"https:\/\/hirsch-filmideen.de\/index.php\/kontakt\/\">melde dich bei mir !<\/a><\/p>\n\n\n\n<p>Ich freue mich schon darauf&#8230; Bis bald !<\/p>\n\n\n\n<p>Heiko Hirsch<\/p>\n","protected":false},"excerpt":{"rendered":"<p>Willkommen auf meiner Website! Dann bist du bei mir genau richtig, ich helfe dir gerne ! Das kann ich dir bieten : Au\u00dferdem sind auch individuelle L\u00f6sungen auf Anfrage m\u00f6glich ! Zu meinen Referenzen geh\u00f6ren Imagefilme, Sportkurzfilme, Musikvideos, Social-Media f\u00fcr ein mittelst\u00e4ndisches Unternehmen und sogar ein Online-Gottesdienst. Wenn du Interesse hast ein Video zu drehen, &hellip; <\/p>\n<p class=\"link-more\"><a href=\"https:\/\/hirsch-filmideen.de\/\" class=\"more-link\"><span class=\"screen-reader-text\">\u201eStartseite\u201c<\/span> weiterlesen<\/a><\/p>\n","protected":false},"author":1,"featured_media":358,"parent":0,"menu_order":0,"comment_status":"closed","ping_status":"closed","template":"","meta":{"footnotes":""},"class_list":["post-21","page","type-page","status-publish","has-post-thumbnail","hentry"],"_links":{"self":[{"href":"https:\/\/hirsch-filmideen.de\/index.php\/wp-json\/wp\/v2\/pages\/21","targetHints":{"allow":["GET"]}}],"collection":[{"href":"https:\/\/hirsch-filmideen.de\/index.php\/wp-json\/wp\/v2\/pages"}],"about":[{"href":"https:\/\/hirsch-filmideen.de\/index.php\/wp-json\/wp\/v2\/types\/page"}],"author":[{"embeddable":true,"href":"https:\/\/hirsch-filmideen.de\/index.php\/wp-json\/wp\/v2\/users\/1"}],"replies":[{"embeddable":true,"href":"https:\/\/hirsch-filmideen.de\/index.php\/wp-json\/wp\/v2\/comments?post=21"}],"version-history":[{"count":13,"href":"https:\/\/hirsch-filmideen.de\/index.php\/wp-json\/wp\/v2\/pages\/21\/revisions"}],"predecessor-version":[{"id":320,"href":"https:\/\/hirsch-filmideen.de\/index.php\/wp-json\/wp\/v2\/pages\/21\/revisions\/320"}],"wp:featuredmedia":[{"embeddable":true,"href":"https:\/\/hirsch-filmideen.de\/index.php\/wp-json\/wp\/v2\/media\/358"}],"wp:attachment":[{"href":"https:\/\/hirsch-filmideen.de\/index.php\/wp-json\/wp\/v2\/media?parent=21"}],"curies":[{"name":"wp","href":"https:\/\/api.w.org\/{rel}","templated":true}]}}